the hundreds digit of z(42)?
9
What is the hundreds digit of (-12)/(-9)*((-9762)/(-24) - 1)?
5
Suppose 126 = g + 24. Suppose -c = 33 - g. Suppose c = -f + 4*f. What is the units digit of f?
3
Let a = 35 + -25. Let p be (a + -7)/((-6)/(-8)). Suppose -175 = -5*v - p*c - c, 3*v - 5*c - 89 = 0. What is the tens digit of v?
3
Let m(n) be the third derivative of 11*n**5/30 - n**4/12 + n**3/6 - 3*n**2. What is the tens digit of m(2)?
8
Let j(r) = 6*r**3 - 7*r**2 + 12*r - 1. What is the units digit of j(5)?
4
Let s = 82 - -1181. What is the units digit of s?
3
Let b = -25 + 55. What is the units digit of -2 + 252/10 + (-6)/b?
3
Let h(w) = w**2 + 1. Let y(j) = -7*j**2 - 8*j - 12. Let m(f) = 6*h(f) + y(f). Let v be m(-7). What is the tens digit of 1 + 25 + (3 - v)?
2
Suppose 0 = -5*u + 732 + 7638. What is the thousands digit of u?
1
Let u = -3 - -3. Suppose 2*s - 10 = u, 0 = 2*d - s + 3*s - 202. Suppose -4*g = -2*h + d, 5*h - 195 = -2*g + 3*g. What is the tens digit of h?
3
Suppose -87*o = -110*o + 3864. What is the tens digit of o?
6
Let r = -55 - -101. Suppose -4*p - 75 = -i + r, 4*i = -2*p + 448. What is the units digit of i?
3
Suppose 0 = 10*u - 8655 - 12305. What is the hundreds digit of u?
0
Suppose 0 = 23*i - 34*i + 4631. What is the hundreds digit of i?
4
Let m be 0 - (-10 - 4/(-4)). Let v(c) = -2*c + 4. Let y be v(0). Suppose -67 - m = -y*r. What is the tens digit of r?
1
What is the hundreds digit of (2 - 4/6)*1137?
5
Let q(n) = n**3 - 4*n**2 + 3. Let a be q(3). Let s be (-5 - a)/((-1)/(-3)). Suppose 4*z - 55 = -s*r, r = z + 2*z + 1. What is the units digit of r?
3
Let r be 4*4/(12/33). Suppose m = 4*b - 3*m + r, -3*m = -6. What is the units digit of 12 + b + 16/1?
9
What is the tens digit of 38 + -25 - 0/2?
1
Suppose d - 218 = 5*j, -2*j + 6*j - d = -174. What is the units digit of (-4364)/j - (-10)/(-55)?
9
Suppose -b = a + 4*a - 44, b = 5*a + 14. Let s be 2 - (-2 + 24 + -1). Let h = s + b. What is the units digit of h?
0
Suppose -7 + 23 = 4*n. Suppose w = n*a - 649, 2*a - 5*w - 474 = -a. What is the units digit of a?
3
What is the thousands digit of (0 - (-9 + -2)) + 1429?
1
Let u(s) = -69*s**3 - 2*s**2 - s. Let f be u(-1). Let y = f - 42. What is the tens digit of y?
2
Suppose 0 = -0*x + 3*x + 36. What is the hundreds digit of (-4 + 1)*644/x?
1
Let y be ((-96)/(-40))/((-3)/(-10)). Let s be (12/(-15))/(y/(-20)). Suppose -7*j - 2*u + 114 = -s*j, 2*u = 2*j - 54. What is the units digit of j?
4
Let f(n) = -245*n**3 + 6*n**2 + 18*n + 3. What is the thousands digit of f(-2)?
1
Suppose 5*l - 4*k - 12568 = -l, -5*k - 8388 = -4*l. What is the thousands digit of l?
2
Suppose 0 = -x + 6*x + 145. Let r = -6 + x. Let g = -18 - r. What is the tens digit of g?
1
Suppose 3 = -3*c, -2*q = -q + 4*c. Let u be 1/2*(q + -4). Suppose -o + 4 = 0, -3*y - 3*o + 97 - 22 = u. What is the tens digit of y?
2
Suppose -34*x + 36*x = -316. Let r = x - -276. What is the units digit of r?
8
Suppose 3*j = -0*j. Suppose 2*r - r - 11 = -3*h, j = -h - 4*r. Suppose h*c + 3*d = 72, 5*d = 2*c - 4*c + 36. What is the units digit of c?
8
Let c = -8 + 6. Let j be (-600)/9*(-3)/c. What is the units digit of (108/(-45))/(6/j)?
0
Suppose -6 - 15 = -3*i. Let z(u) = u**3 - 7*u**2 + 12. What is the tens digit of z(i)?
1
Let j = -19 - -21. Suppose -3*b - j*l + 21 = -5*l, -8 = 4*l. Suppose -85 = -b*x + 40. What is the units digit of x?
5
Let j = -3104 - -5639. What is the units digit of j?
5
Let c(z) = 5*z + 46. What is the units digit of c(-8)?
6
Let k be ((-8)/(-10))/((-2)/20). Let z(a) = -a**2 - 10*a + 1. Let y be z(k). Suppose -5*b = -2*u + y, -3*u - 16 = 4*b - 53. What is the tens digit of u?
1
Let a(o) = -5*o + 6 + 7*o + 3. Let s be a(-9). What is the units digit of 460/45 - (-2)/s?
0
Suppose 0 = -6*k - 0*k + 30. Suppose -5*p = -k*d + 855, -3*d = 3*p - 5*p - 511. What is the hundreds digit of d?
1
Let c be (-24)/28 + 2/(-14). Let g(q) = 66*q**2 + 4*q + 2. What is the tens digit of g(c)?
6
Let s(q) = 5*q + 40. Let n(o) = 2*o + 20. Let v(y) = 7*n(y) - 3*s(y). What is the tens digit of v(-3)?
2
Suppose 2 = -6*v + 8. What is the tens digit of 3 + (-3 - ((-3 - 55) + v))?
5
Let h be (-492)/8*6/9. Let j = 53 - h. What is the units digit of j?
4
Let y(m) = m**2 - 8*m + 513. What is the units digit of y(54)?
7
Suppose -5*i = 22 - 7. Let w be (-21)/i + -1 + -1. Suppose x + 3*h = -2, w*x - x - h = 44. What is the units digit of x?
0
Let p be -2 - -4 - (2 - 0). Suppose 2*s - 4 - 4 = p. Suppose 2*d = -s*t + 40, 5*t - 2*d - 63 + 4 = 0. What is the tens digit of t?
1
Let w = -31 - -304. What is the units digit of w?
3
Suppose 0 = -4*z + g - 2, 4*z + 6 + 2 = 4*g. What is the units digit of (-11*15)/(z/(-6) - 1)?
5
Let g(u) = -u**2 + 2*u - 6. Let t(y) = 1. Let k(l) = -g(l) + 3*t(l). What is the tens digit of k(4)?
1
Let l(t) = -8*t + 17. Let y be l(-8). Let w = 135 - y. What is the tens digit of w?
5
Let h be 3*-1*(0 + -1). Suppose h*o + 5 - 33 = -w, 116 = 5*w + 3*o. Suppose -7*k - w = -9*k. What is the units digit of k?
1
Let d = 3255 + -1370. Let i be (-1)/(-6) - d/78. What is the tens digit of ((-10)/8)/(1/i)?
3
What is the hundreds digit of ((-192)/18)/4*5262/(-8)?
7
Let o = 2051 - 1508. What is the tens digit of o?
4
Suppose 3*w - 5*k = 266, -k = -3*w + 123 + 139. What is the units digit of w?
7
Let u = 7159 + -4075. What is the thousands digit of u?
3
Let y = -141 + -39. Let w be y/21*(-105)/10. Suppose 0*i = -3*i + w. What is the tens digit of i?
3
What is the units digit of 3682/21 + (-6)/(-9)?
6
Let b be 6/((-8)/(-28)*1). What is the tens digit of 416/14 - (-6)/b?
3
Let p(f) = f**3 + 14*f**2 - 28*f - 8. Let k be p(-12). Suppose 0*y + 5*y - k = -3*r, -5*r = -2*y + 234. What is the tens digit of y?
2
Let n(c) = -8*c**3 - c**2 - 2*c - 1. Let t be n(-1). Suppose 0 = -s - t + 10. What is the tens digit of s/9 - 205/(-9)?
2
Let z(h) = -h**2 + 12*h + 24. Suppose 20 = i + 4*i, -i + 11 = a. What is the tens digit of z(a)?
5
Let a be (6 + 1)*75/105. Suppose s + 0*s + 64 = z, a*z - 327 = -2*s. What is the tens digit of z?
6
Let n = -25 + 42. Suppose n = a - 36. What is the tens digit of a?
5
Suppose -18 = 2*y - 5*y + 5*d, 0 = -3*y - 5*d + 18. Suppose 3*f = y*h - h + 187, -4*f + 264 = -3*h. Suppose 31 + f = 4*a. What is the units digit of a?
5
Let a = 16 - 16. Suppose -m + 1 = -3*n + 5, 5*m - 10 = a. What is the units digit of n?
2
Suppose 0*l = 2*l - 62. Suppose -c + 94 = -0*c + 5*p, 4*c + 2*p = 304. Let j = c - l. What is the tens digit of j?
4
Let o(l) = -l**3 + l**2 - l - 6. Let y be o(0). Let n(m) = -m**2 - 3*m + 14. Let b be n(y). What is the units digit of b/7 - (-22)/14?
1
Let n = -31 - -33. What is the units digit of ((-9)/(-18))/(n/20)?
5
Suppose 3*k + 0*k = a + 13, -4*k + 20 = 0. Let n = 4 - 5. What is the units digit of n/((-3 - -1)/a)?
1
What is the tens digit of 16 - 2575455/(-495) - (-2)/33?
1
Let b(f) = 11*f - 56. Let n(i) = -7*i + 37. Let m(k) = 5*b(k) + 8*n(k). What is the tens digit of m(-17)?
3
Let m(i) = -i**2 - 12*i - 16. Let u be m(-11). Let b = u + 9. Suppose 0 = -5*f - l + 192, -l - 66 = -2*f + b*l. What is the units digit of f?
8
Let l(h) = -4*h - 27. Let i be l(-8). Suppose -i*p = 3*v - 166, p = -3*p - 2*v + 134. What is the units digit of p?
5
Let c = 146 + -132. Let a = -50 - -25. Let z = c - a. What is the tens digit of z?
3
Suppose -s - 3*s = -12. Suppose s*r = 3 + 150. What is the tens digit of r?
5
Let m = -25 - -29. What is the tens digit of (-47)/(-2*m/8)?
4
Let z(b) = -5*b + 622. What is the hundreds digit of z(41)?
4
Let u(m) = 2*m**2 + 9*m + 5. Let p be u(-6). Suppose 28*l - 255 = p*l. What is the units digit of l?
1
What is the thousands digit of 145/(-5)*(-80 + 7)?
2
Let g(o) = 153*o**2 - 18*o + 67. What is the hundreds digit of g(3)?
3
Let w be (1468/10)/((-2)/10). Let b = -506 - w. Suppose b = -13*g + 17*g. What is the units digit of g?
7
Let v(s) = 5*s**2 + 6*s - 9. Let g(o) = 4 + 2 - 4*o - 3*o**2 + 0*o. Let f(c) = 8*g(c) + 5*v(c). What is the tens digit of f(7)?
3
Suppose -5*b = -0*b - 20. Let m(g) be the third derivative of -g**5/60 + g**4/3 - g**3/3 + 2*g**2. What is the tens digit of m(b)?
1
Let s(q) be the second derivative of -q**5/20 + 2*q**4/3 - 2*q**3/3 + 11*q**2/2 + 9*q. Let i be s(8). What is the tens digit of (0 + 6)/((-3)/i)?
4
What is the tens 